11 is divided by 36.
7
Calculate the remainder when 640 is divided by 221.
198
What is the remainder when 523824 is divided by 261?
258
Calculate the remainder when 5328 is divided by 378.
36
Calculate the remainder when 427135 is divided by 378.
373
What is the remainder when 462054 is divided by 47?
44
What is the remainder when 5423 is divided by 19?
8
What is the remainder when 53763 is divided by 13435?
23
What is the remainder when 1606 is divided by 85?
76
Calculate the remainder when 2428 is divided by 304.
300
What is the remainder when 81745 is divided by 382?
379
What is the remainder when 936306 is divided by 226?
214
Calculate the remainder when 37223 is divided by 925.
223
Calculate the remainder when 2315 is divided by 485.
375
What is the remainder when 564 is divided by 278?
8
Calculate the remainder when 4496 is divided by 345.
11
What is the remainder when 1935 is divided by 858?
219
What is the remainder when 1256 is divided by 39?
8
Calculate the remainder when 158074 is divided by 77.
70
Calculate the remainder when 187863 is divided by 62619.
6
Calculate the remainder when 7346 is divided by 7107.
239
What is the remainder when 20472 is divided by 9?
6
What is the remainder when 145103 is divided by 4?
3
What is the remainder when 849 is divided by 27?
12
Calculate the remainder when 25925 is divided by 236.
201
Calculate the remainder when 43006 is divided by 107.
99
Calculate the remainder when 1684 is divided by 1537.
147
Calculate the remainder when 514 is divided by 127.
6
What is the remainder when 19658 is divided by 503?
41
Calculate the remainder when 533261 is divided by 182.
1
What is the remainder when 2293 is divided by 387?
358
Calculate the remainder when 8063 is divided by 895.
8
Calculate the remainder when 60647 is divided by 722.
721
What is the remainder when 32631 is divided by 294?
291
What is the remainder when 1958 is divided by 383?
43
What is the remainder when 3217887 is divided by 16?
15
Calculate the remainder when 14323 is divided by 126.
85
What is the remainder when 4929 is divided by 815?
39
Calculate the remainder when 22534 is divided by 5603.
122
What is the remainder when 1255411 is divided by 24?
19
What is the remainder when 252773 is divided by 12638?
13
What is the remainder when 65178 is divided by 345?
318
What is the remainder when 10496 is divided by 658?
626
What is the remainder when 26766 is divided by 26762?
4
What is the remainder when 36254 is divided by 259?
253
What is the remainder when 439 is divided by 219?
1
What is the remainder when 18016 is divided by 170?
166
Calculate the remainder when 9132 is divided by 169.
6
What is the remainder when 255899 is divided by 85296?
11
What is the remainder when 7913 is divided by 879?
2
What is the remainder when 14473 is divided by 3614?
17
What is the remainder when 290392 is divided by 96793?
13
Calculate the remainder when 10406 is divided by 2493.
434
Calculate the remainder when 326 is divided by 207.
119
What is the remainder when 6976 is divided by 686?
116
Calculate the remainder when 30076 is divided by 149.
127
Calculate the remainder when 132077 is divided by 68.
21
Calculate the remainder when 6432 is divided by 2983.
466
Calculate the remainder when 12303 is divided by 560.
543
What is the remainder when 7930 is divided by 165?
10
Calculate the remainder when 593 is divided by 128.
81
What is the remainder when 1642651 is divided by 16?
11
Calculate the remainder when 1830 is divided by 877.
76
Calculate the remainder when 945118 is divided by 1760.
1758
Calculate the remainder when 90639 is divided by 90630.
9
What is the remainder when 1948 is divided by 164?
144
Calculate the remainder when 10006 is divided by 12.
10
What is the remainder when 1976 is divided by 254?
198
Calculate the remainder when 1347 is divided by 186.
45
Calculate the remainder when 44881 is divided by 665.
326
Calculate the remainder when 4731 is divided by 77.
34
What is the remainder when 237866 is divided by 26?
18
What is the remainder when 1238219 is divided by 4255?
14
Calculate the remainder when 120006 is divided by 41.
40
What is the remainder when 260465 is divided by 546?
23
Calculate the remainder when 7539 is divided by 2493.
60
What is the remainder when 48706 is divided by 16173?
187
Calculate the remainder when 3175 is divided by 160.
135
Calculate the remainder when 345732 is divided by 402.
12
Calculate the remainder when 1593 is divided by 422.
327
What is the remainder when 6683469 is divided by 324?
321
Calculate the remainder when 22376822 is divided by 777.
776
What is the remainder when 3895 is divided by 57?
19
Calculate the remainder when 18098 is divided by 464.
2
What is the remainder when 3278 is divided by 45?
38
Calculate the remainder when 414644 is divided by 51.
14
Calculate the remainder when 19927 is divided by 231.
61
What is the remainder when 754 is divided by 56?
26
Calculate the remainder when 8419 is divided by 291.
271
What is the remainder when 119187 is divided by 5?
2
Calculate the remainder when 20587 is divided by 245.
7
Calculate the remainder when 969761 is divided by 138534.
23
Calculate the remainder when 8195 is divided by 163.
45
What is the remainder when 431058 is divided by 59?
4
Calculate the remainder when 139619 is divided by 43.
41
What is the remainder when 2288 is divided by 192?
176
What is the remainder when 6647 is divided by 475?
472
Calculate the remainder when 25536 is divided by 142.
118
Calculate the remainder when 116876 is divided by 132.
56
Calculate the remainder when 3721 is divided by 110.
91
Calculate the remainder when 19187 is divided by 9499.
189
Calculate the remainder when 6968 is divided by 784.
696
Calculate the remainder when 20668 is divided by 34.
30
What is the remainder when 2336157 is divided by 24?
21
Calculate the remainder when 36295 is divided by 3.
1
Calculate the remainder when 251750 is divided by 125865.
20
Calculate the remainder when 7669 is divided by 59.
58
Calculate the remainder when 1376 is divided by 298.
184
Calculate the remainder when 11381 is divided by 3785.
26
What is the remainder when 2813 is divided by 346?
45
Calculate the remainder when 31669 is divided by 148.
145
What is the remainder when 1322 is divided by 9?
8
Calculate the remainder when 6576 is divided by 42.
24
What is the remainder when 292584 is divided by 58515?
9
What is the remainder when 1046 is divided by 344?
14
Calculate the remainder when 128826 is divided by 32204.
10
Calculate the remainder when 209398 is divided by 217.
210
What is the remainder when 3710015 is divided by 452?
451
What is the remainder when 219030 is divided by 71?
66
Calculate the remainder when 1136 is divided by 1.
0
Calculate the remainder when 22926 is divided by 117.
111
Calculate the remainder when 20847 is divided by 584.
407
What is the remainder when 8693 is divided by 30?
23
Calculate the remainder when 10073 is divided by 245.
28
Calculate the remainder when 11908 is divided by 2380.
8
What is the remainder when 14104 is divided by 588?
580
Calculate the remainder when 26159 is divided by 422.
417
What is the remainder when 9136 is divided by 59?
50
Calculate the remainder when 13845 is divided by 160.
85
Calculate the remainder when 1406 is divided by 45.
11
Calculate the remainder when 199689 is divided by 21.
0
What is the remainder when 2603 is divided by 117?
29
What is the remainder when 27410 is divided by 231?
152
Calculate the remainder when 9886 is divided by 115.
111
Calculate the remainder when 65786 is divided by 18.
14
Calculate the remainder when 1041 is divided by 244.
65
Calculate the remainder when 10765 is divided by 2139.
70
Calculate the remainder when 25894 is divided by 6445.
114
What is the remainder when 5330 is divided by 20?
10
What is the remainder when 13382 is divided by 33?
17
What is the remainder when 37488 is divided by 594?
66
Calculate the remainder when 12640 is divided by 877.
362
What is the remainder when 12451 is divided by 1556?
3
Calculate the remainder when 4346 is divided by 2139.
68
Calculate the remainder when 48442 is divided by 367.
365
What is the remainder when 159940 is divided by 122?
120
Calculate the remainder wh